{"id":676,"date":"2012-11-16T23:17:26","date_gmt":"2012-11-16T22:17:26","guid":{"rendered":"http:\/\/blogs.ideal.es\/abocajarro\/wp-content\/uploads\/sites\/10\/2012\/11\/mar\u00edn-r\u00edos.jpg"},"modified":"2012-11-16T23:17:26","modified_gmt":"2012-11-16T22:17:26","slug":"docu_ideal-22","status":"inherit","type":"attachment","link":"https:\/\/blogs.ideal.es\/abocajarro\/2012\/11\/16\/juan-antonio-marin-se-va-uno-de-los-mejores-de-prisiones\/docu_ideal-22\/","title":{"rendered":"DOCU_IDEAL"},"author":6,"comment_status":"open","ping_status":"closed","template":"","meta":[],"description":{"rendered":"<p class=\"attachment\"><a href=\"https:\/\/static-blogs.ideal.es\/wp-content\/uploads\/sites\/10\/2012\/11\/mar\u00edn-r\u00edos.jpg\"><img width=\"200\" height=\"300\" src=\"https:\/\/static-blogs.ideal.es\/wp-content\/uploads\/sites\/10\/2012\/11\/mar\u00edn-r\u00edos-200x300.jpg\" class=\"attachment-medium size-medium\" alt=\"\" loading=\"lazy\" srcset=\"https:\/\/static-blogs.ideal.es\/wp-content\/uploads\/sites\/10\/2012\/11\/mar\u00edn-r\u00edos-200x300.jpg 200w, https:\/\/static-blogs.ideal.es\/wp-content\/uploads\/sites\/10\/2012\/11\/mar\u00edn-r\u00edos-768x1152.jpg 768w, https:\/\/static-blogs.ideal.es\/wp-content\/uploads\/sites\/10\/2012\/11\/mar\u00edn-r\u00edos-683x1024.jpg 683w\" sizes=\"(max-width: 200px) 100vw, 200px\" \/><\/a><\/p>\n<p>TFGP.<\/p>\n"},"caption":{"rendered":"<p>TFGP.<\/p>\n"},"alt_text":"","media_type":"image","mime_type":"image\/jpeg","media_details":{"width":2592,"height":3888,"file":"2012\/11\/mar\u00edn-r\u00edos.jpg","sizes":{"thumbnail":{"file":"mar\u00edn-r\u00edos-150x150.jpg","width":150,"height":150,"mime_type":"image\/jpeg","source_url":"https:\/\/blogs.ideal.es\/abocajarro\/wp-content\/uploads\/sites\/10\/2012\/11\/mar\u00edn-r\u00edos-150x150.jpg"},"medium":{"file":"mar\u00edn-r\u00edos-200x300.jpg","width":200,"height":300,"mime_type":"image\/jpeg","source_url":"https:\/\/blogs.ideal.es\/abocajarro\/wp-content\/uploads\/sites\/10\/2012\/11\/mar\u00edn-r\u00edos-200x300.jpg"},"medium_large":{"file":"mar\u00edn-r\u00edos-768x1152.jpg","width":768,"height":1152,"mime_type":"image\/jpeg","source_url":"https:\/\/blogs.ideal.es\/abocajarro\/wp-content\/uploads\/sites\/10\/2012\/11\/mar\u00edn-r\u00edos-768x1152.jpg"},"large":{"file":"mar\u00edn-r\u00edos-683x1024.jpg","width":683,"height":1024,"mime_type":"image\/jpeg","source_url":"https:\/\/blogs.ideal.es\/abocajarro\/wp-content\/uploads\/sites\/10\/2012\/11\/mar\u00edn-r\u00edos-683x1024.jpg"},"full":{"file":"mar\u00edn-r\u00edos.jpg","width":2592,"height":3888,"mime_type":"image\/jpeg","source_url":"https:\/\/blogs.ideal.es\/abocajarro\/wp-content\/uploads\/sites\/10\/2012\/11\/mar\u00edn-r\u00edos.jpg"}},"image_meta":{"aperture":"2.8","credit":"","camera":"Canon EOS 40D","caption":"TFGP.","created_timestamp":"1316603909","copyright":"","focal_length":"70","iso":"800","shutter_speed":"0.01","title":"DOCU_IDEAL","orientation":"0","keywords":[]}},"post":675,"source_url":"https:\/\/blogs.ideal.es\/abocajarro\/wp-content\/uploads\/sites\/10\/2012\/11\/mar\u00edn-r\u00edos.jpg","_links":{"self":[{"href":"https:\/\/blogs.ideal.es\/abocajarro\/wp-json\/wp\/v2\/media\/676"}],"collection":[{"href":"https:\/\/blogs.ideal.es\/abocajarro\/wp-json\/wp\/v2\/media"}],"about":[{"href":"https:\/\/blogs.ideal.es\/abocajarro\/wp-json\/wp\/v2\/types\/attachment"}],"author":[{"embeddable":true,"href":"https:\/\/blogs.ideal.es\/abocajarro\/wp-json\/wp\/v2\/users\/6"}],"replies":[{"embeddable":true,"href":"https:\/\/blogs.ideal.es\/abocajarro\/wp-json\/wp\/v2\/comments?post=676"}]}}

http://blogs.ideal.es/abocajarro/wp-content/uploads/sites/10/2012/11/marín-ríos.jpg

<p class="attachment"><a href="https://static-blogs.ideal.es/wp-content/uploads/sites/10/2012/11/marín-ríos.jpg"><img width="200" height="300" src="https://static-blogs.ideal.es/wp-content/uploads/sites/10/2012/11/marín-ríos-200x300.jpg" class="attachment-medium size-medium" alt="" loading="lazy" srcset="https://static-blogs.ideal.es/wp-content/uploads/sites/10/2012/11/marín-ríos-200x300.jpg 200w, https://static-blogs.ideal.es/wp-content/uploads/sites/10/2012/11/marín-ríos-768x1152.jpg 768w, https://static-blogs.ideal.es/wp-content/uploads/sites/10/2012/11/marín-ríos-683x1024.jpg 683w" sizes="(max-width: 200px) 100vw, 200px" /></a></p>
<p>TFGP.</p>

2012/11/marín-ríos.jpg

marín-ríos-150x150.jpg

https://blogs.ideal.es/abocajarro/wp-content/uploads/sites/10/2012/11/marín-ríos-150x150.jpg

marín-ríos-200x300.jpg

https://blogs.ideal.es/abocajarro/wp-content/uploads/sites/10/2012/11/marín-ríos-200x300.jpg

marín-ríos-768x1152.jpg

https://blogs.ideal.es/abocajarro/wp-content/uploads/sites/10/2012/11/marín-ríos-768x1152.jpg

marín-ríos-683x1024.jpg

https://blogs.ideal.es/abocajarro/wp-content/uploads/sites/10/2012/11/marín-ríos-683x1024.jpg

marín-ríos.jpg

https://blogs.ideal.es/abocajarro/wp-content/uploads/sites/10/2012/11/marín-ríos.jpg
